4. Let b be i(-12). Is (2 + k)/(-3) - b a prime number?
False
Let x = 11 - 7. Suppose 3*s - 2*b = x*s - 295, 4 = -b. Is s prime?
False
Suppose 4*g - 18 = u, 2*u + 3*g - 21 = -u. Suppose 2*p = y - 16, -u*y + 5*p = -6*y - 1. Let i(d) = d**2 - 1. Is i(y) a prime number?
False
Suppose -8 = m + l - 0*l, -3 = -3*l. Let d = m + 58. Is d a prime number?
False
Let z(s) = -23*s. Is z(-17) composite?
True
Let n(l) = 21*l + 8. Let y(r) = -1. Let x(f) = n(f) + 3*y(f). Is x(12) a composite number?
False
Suppose 2*w + p = -w + 295, -5*p = 2*w - 214. Is w prime?
True
Suppose 13*n + 3076 = 17*n. Is n a composite number?
False
Suppose 4*h + 8 = 0, -4*z = 2*h + 34 - 2. Let v(c) be the first derivative of c**3/3 + 5*c**2/2 - 4*c - 2. Is v(z) a prime number?
False
Suppose -13*j = -2132 - 68497. Is j a prime number?
False
Let h(s) = -14 - s - 2*s + 3*s - 2*s. Let b be h(-10). Suppose -26 + b = 4*p, 3*p = -5*v + 330. Is v a composite number?
True
Suppose 4*f + u + 1790 = 5765, 2*u = 6. Is f a composite number?
True
Let x = 5 + -12. Let m = x - -14. Is (m/(-4))/(4/(-16)) a composite number?
False
Let y = 0 - -2. Is -3*2/y - -56 prime?
True
Let o(d) = -3*d**3 + 2*d**2 - 4*d - 2. Is o(-3) a composite number?
False
Let p(h) = -h**2 - 4*h + 2. Let n be p(-5). Let o be (-30)/(6/27*n). Suppose 0 = 2*c - o - 21. Is c prime?
False
Suppose 38*v = 34*v + 5908. Is v prime?
False
Let t(w) = 2*w**2 - 6*w - 3. Let f(a) = a**2 - a. Let z(m) = -f(m) + t(m). Let i be z(6). Suppose 109 = i*d - n, 2*d - 43 = d - 3*n. Is d a composite number?
False
Let q(c) = c - 7. Let p = 7 + 5. Let w be q(p). Suppose -y = 1, -3*z - w*y = -y - 23. Is z a composite number?
True
Let q = -3542 - -5197. Is q composite?
True
Suppose x = -x + 6. Suppose -10 = x*s - 247. Is s a composite number?
False
Let u(k) = -3*k - 2*k + k**2 + 3 + 8*k - 8. Let s be u(-5). Suppose -s*a + b + 91 = 0, -5*a - b - 4 = -103. Is a a prime number?
True
Suppose 289 = -2*z + 5*c + 48, 369 = -3*z + 5*c. Suppose -2*x = a + 67, -a + 2*x - 5*x = 64. Let w = a - z. Is w prime?
False
Suppose 564 = 2*s - 4*z, -536 = -2*s + z - 4*z. Is s prime?
False
Is 203 + 10/4 + (-1)/2 composite?
True
Let l = 14 - 12. Suppose 5*n - 381 = l*n. Is n composite?
False
Suppose 4*l = -5*f + 35, -6*l + 14 = 2*f - 7*l. Is f composite?
False
Let w(h) = -1 + 9 - h + 1. Is w(5) a composite number?
True
Suppose -3*h = -6*h + 24. Let p = -11 + h. Is (-2)/6 - 7/p a prime number?
True
Suppose 0 = -2*c + 4, 8*t - 2933 = 5*t - c. Is t prime?
True
Let l = -114 + 292. Is l a composite number?
True
Let t be -1*(-2 + 3)/(-1). Let n be (87/(-3)*-1)/t. Suppose -2*s - 4*y = -50, 71 = 4*s + 5*y - n. Is s prime?
False
Suppose 0*u = u - 2863. Is u composite?
True
Let f(s) = 3*s**2 - 3*s. Let d be f(2). Suppose d*j = 3*j + 393. Is j a prime number?
True
Let p(a) be the third derivative of a**5/30 + a**4/24 + a**3/6 + a**2. Is p(6) a prime number?
True
Let w be -5 - (-6)/3*1. Let k(f) = -43*f - 2. Is k(w) a prime number?
True
Suppose -4*p + 4*o = -19396, 3*p + 19432 = 7*p + 5*o. Is p prime?
False
Let r = 6 + -3. Let n = 1 + 4. Suppose -14 = -n*x + r*x. Is x composite?
False
Is (-2)/(1176/(-587) + 1 + 1) a composite number?
False
Suppose 5*m + 5 = 2*b, 2*m = -6*b + 2*b - 2. Suppose -p - 3*p = -h + 183, b = -3*p + 3*h - 126. Is -2*(-3)/(-6)*p a prime number?
True
Suppose 3*w = 321 - 54. Is w a prime number?
True
Suppose -256 - 340 = -4*u. Is u a composite number?
False
Let p(l) = 3*l + 1. Let k be p(-1). Is (k/(-1))/((-10)/(-395)) composite?
False
Let g = 262 - 151. Suppose g = q + 2*q. Is q composite?
False
Suppose -3*m + 3183 = 2*m - 4*w, 5*m = 5*w + 3185. Is m a prime number?
False
Let y(w) = -w + 3. Let t be y(-6). Suppose -s + h = 4*h - 1160, -s + h + 1140 = 0. Is s/t - (-8)/(-36) composite?
False
Is (-2 - 8806/(-3)) + 17/(-51) composite?
True
Let q = 2574 - -677. Is q a composite number?
False
Let k(j) be the second derivative of -13*j**3/6 - 11*j**2/2 - 2*j. Is k(-10) a prime number?
False
Suppose -3 = 2*n + 1. Let x be (-38)/6 - n/6. Is (-80)/(-6) + 2/x composite?
False
Let f(j) = j**2 + 6*j. Let n be f(-7). Suppose 2*q = -2*t + 50, -2*q - 125 = -n*q + 3*t. Is q composite?
True
Suppose -4*x + 3*u + 1273 = 0, -4*x - 2*u = -0*x - 1278. Is x prime?
False
Suppose 5*c - k - 73 = 221, c - 54 = -k. Is c a prime number?
False
Let z = -547 + 100. Is (-3)/(-3 + (-1332)/z) prime?
True
Suppose 0 = 3*c - 0 - 3. Let h be 2*((-5)/1 - c). Is 7/(-1 - h/11) prime?
False
Let g = -4 + 7. Suppose -3*u - 189 = -g*t, -4*t = -2*u - 3*t - 122. Let w = u + 102. Is w a composite number?
False
Is -1 + (-2)/((-15338)/5112 - -3) composite?
True
Let v = 54 - 37. Let j be 5/(2/(-2 - -4)). Let a = j + v. Is a a prime number?
False
Let q be (-1 - -2 - -1)/(-1). Let t = q - -5. Let o = 17 - t. Is o composite?
True
Suppose 0 = -x - 4*x + 30. Suppose 2*m + 284 = x*m. Is m a prime number?
True
Is 921/2*(-2)/(-3) composite?
False
Let g = -224 - -390. Is g prime?
False
Is (11*(-4)/8)/(5/(-130)) a composite number?
True
Suppose -x + 0*v = v - 1, 13 = 3*x - 2*v. Suppose 0 = 4*k - 7*k + 27. Is x/k - (-74)/3 prime?
False
Let l = -5 + 9. Suppose -l*p - 3*a + 324 = -a, -3*p = -a - 253. Is p composite?
False
Let u be -1 - 1*(2 - 3). Suppose u = -2*l - 15 + 59. Is l composite?
True
Suppose 4*j = 4633 - 389. Is j prime?
True
Is 205 - (2 + (0 - 0)) composite?
True
Let b(x) = -47*x - 2. Let o = 12 + -15. Is b(o) prime?
True
Suppose 5*i - 3*t - 1904 = 0, -15 = -2*t + 7*t. Is i composite?
False
Let z(c) = -85*c + 4. Is z(-3) prime?
False
Let r(i) = 1776*i - 8. Let s be r(4). Is s/28 - 6/14 a composite number?
True
Let r be (2 - 26) + 6/3. Let y = 349 - r. Is y a composite number?
True
Let n(u) = 3*u**2 + 2*u - 15. Let l be 4/6 - 19/(-3). Is n(l) a composite number?
True
Let r(n) = n**3 - 8*n**2 + 3*n - 6. Let o be r(7). Let t = o + 67. Is t a composite number?
True
Suppose 471 = i - 142. Is i prime?
True
Let j = 94 - -12. Suppose -4*l - j = 2*p, -3*l + 5*l + 3*p = -47. Let i = -14 - l. Is i a prime number?
False
Suppose 2*s - m - 498 + 94 = 0, 5*s - 999 = -3*m. Is s a prime number?
False
Let q(c) be the third derivative of c**6/120 + c**5/6 - 5*c**4/24 + c**3/6 + 4*c**2. Is q(-8) a composite number?
True
Suppose q - 5 = -0. Suppose -q*f + 92 + 33 = 0. Is f composite?
True
Let l = 5 - 2. Suppose 0 = -2*x - 0*s + 2*s + 240, l*x - 364 = -s. Suppose -3*y + y - x = -3*f, -5*y = 25. Is f a prime number?
True
Let z(a) = -a**2 + 14*a + 6. Let w = 23 + -9. Is z(w) a composite number?
True
Let n(f) = -8*f**3 + 20*f**2 - 14. Let u(j) = 3*j**3 - 7*j**2 + 5. Let y(r) = 4*n(r) + 11*u(r). Is y(4) a composite number?
True
Let i = 1726 + -1209. Is i a prime number?
False
Let q = 2738 + 117. Is q composite?
True
Is 0 - 157/3*(4 + -19) a composite number?
True
Let q(w) = w. Let v(c) = 4*c + 2. Let z(s) = -5*q(s) + v(s). Let i be z(2). Suppose i = -4*l + 5*m + 47, 0 = 4*l + 4*m + 19 - 75. Is l a composite number?
False
Suppose -2*x - 2*x = 0. Let a = 0 - x. Suppose a = -3*j + j + 98. Is j a composite number?
True
Let p(n) = -n + 0*n + 7 + 2*n. Let x = -7 - -7. Is p(x) prime?
True
Let v(w) = -w**2 + 5*w + 13. Suppose t - 39 = -4*m - 2*t, 2*t = -5*m + 47. Let l be v(m). Let o = l + 38. Is o a prime number?
False
Suppose 820 = 4*n + 2*x + 278, -2 = 2*x. Suppose l - 64 = 5*h, -5*l + l - 4*h + n = 0. Is l a composite number?
True
Suppose -3 = -h + 3. Let z be h/15 - 46/(-10). Is z/(15/(-6)) - -4 prime?
True
Is (2 + -1)/(1/709) a prime number?
True
Let f = 332 - 43. Is f prime?
False
Suppose -313 = -4*j - z, -310 = 2*j - 6*j - 2*z. Is j a composite number?
False
Suppose -5*g = c - 3*c - 5481, -g - 5*c = -1107. Is g prime?
True
Suppose -4 = -5*a + 6. Suppose -5*l = -2*s + 154, -a*s - 4*l + 126 = 8. Is s a prime number?
True
Let j = -4 + 4. Let i be (2 - 1) + -1 + j. Suppose z + 1 = -q + 13, i = -2*q - 5*z + 21. Is q composite?
False
Suppose -2*s + 26 = 2*n - 70, 0 = -3*s + n + 164. Is s a prime number?
True
Let g = -18 - -17. Let l be (2/1)/(3/(-15)). Is g*3*(l - -5) a composite number?
True
Suppose -3*b + 20 = c - 0*c, -2*c - b + 15 = 0. Suppose c*w = -r + 2*r + 16, w - 6 = 3*r. Is 3*w - 8/4 a prime number?
True
Suppose 4*o - 10 = -5*x, 4*x + 4*o - 4 = 4. Suppose -3*u = 5*q - 47, 2*u - 73 = 3*q + x*q. Let k = u - 3. Is k prime?
False
Let g(x) = 